t is t(f)?
-6
Let s be 3 - (-2 + 3)*1. Suppose -2*k = -3*k + 2. Let w(o) = s*o + k - 3*o - o. Calculate w(2).
-2
Let c(r) be the third derivative of r**5/60 + 3*r**4/8 - 5*r**3/6 - 24*r**2. Give c(-10).
5
Let v(k) be the first derivative of k**2/2 + 2*k + 1. Suppose -a - 2 + 1 = q, -2*a + 5*q + 33 = 0. Calculate v(a).
6
Let f(n) = -5*n - 4. Let t(j) = -4*j - 4. Let m(k) = k**2 + 2*k. Let p be m(-3). Let l(c) = p*f(c) - 4*t(c). Determine l(-3).
1
Let l be 2/(-2) + 3/1. Suppose -4*p = 8, 12 + l = 2*f - p. Let x(o) = -3 + o**2 - 2*o - 2 + f*o. What is x(-4)?
-5
Let h(p) be the first derivative of 1 - 1 + 1 - 4*p**2 + 2. What is h(1)?
-8
Let v(z) = -12*z + z**2 + 3 + 12*z + 2*z. Calculate v(-2).
3
Let n be ((-2)/(-3))/((-8)/(-36)). Suppose -q = 5*v - 25, -v + n*q - 3 = 2*v. Suppose 0 + v = 2*r. Let d(a) = -2*a**3 + a**2 + 2*a. What is d(r)?
-8
Suppose -8 - 27 = 5*k. Let y = k - -5. Let b(q) = -q**3 + 2*q + 1. Give b(y).
5
Let u(o) = -5*o**2 + o - 1. Let t(r) = 0 + 1 + 6*r**2 - 2*r + 3 - 2. Let w(v) = -4*t(v) - 5*u(v). Determine w(-5).
7
Let r(w) = -3*w - 5. Let n be r(-2). Let d(f) = -f - 6. Let x(m) = -5. Let g(s) = -4*d(s) + 5*x(s). Give g(n).
3
Suppose 5*a + 5*o + 17 = a, 0 = -3*a + 2*o + 16. Suppose 3 = -a*l + 1. Let r(m) be the first derivative of -5*m**3/3 + m - 21. What is r(l)?
-4
Let t(j) = -9*j**3 - 7. Let d(q) = 5*q**3 + 3. Let y(v) = -9*d(v) - 4*t(v). Let f = -147 - -146. Calculate y(f).
10
Suppose 0 = -14*n - 29 - 13. Let g(v) = -v. Let c(o) = -o - 1. Let r(u) = 2*c(u) + g(u). Calculate r(n).
7
Let u = -2 + 3. Let n be (3 - (2 + u))/(-1). Let v(a) = a + 1. Calculate v(n).
1
Let m(c) = 2*c - 7*c**2 + 17*c**2 + 3*c + c**3 - 5*c**2. Give m(-4).
-4
Let i(u) = -2*u - u - u**2 - 3 - 3*u. Suppose -a = a + 14. Let j = -11 - a. Give i(j).
5
Suppose -3*n - 2 = -23. Let o = 0 + n. Let z(c) = c**2 - 7*c - 2. Give z(o).
-2
Let y(n) be the second derivative of 0 - 1/10*n**5 + 1/6*n**3 + 0*n**2 - 1/12*n**4 + n. Calculate y(1).
-2
Let f(t) = -t**2 - 2*t + 4. Let y(h) = -h**2 - h + 4. Let r(q) = -5*f(q) + 4*y(q). Give r(-6).
-4
Let r(f) = f**2 + 5*f + 2. Let b = -22 + 18. What is r(b)?
-2
Let p(q) = 1 + 12*q**3 - 16*q**2 - 2 + 18*q**2. Determine p(-1).
-11
Let c(f) be the second derivative of 1/6*f**3 + 0 + 6*f - 3*f**2. Suppose 0*g = -2*g - 10. Calculate c(g).
-11
Let b(t) = t**2 - t + 6. Suppose 4*q + n = 9*q - 12, 5*n = 4*q + 3. Let d = 5 - q. Suppose d*x + 2*x = 0. What is b(x)?
6
Let a(j) = -2*j**2 + 2. Let h be a(3). Let r = -11 - h. Let t(m) = -5 + r - m. Determine t(-5).
5
Let f(b) be the first derivative of b**2 - 4*b - 56. Let r(p) = p**2 + 4*p - 7. Let m be r(-6). Calculate f(m).
6
Suppose -4*l - 17 + 1 = 0. Let f = l + 1. Let j be 1 - f*2/3. Let v(d) = -d + 6. Calculate v(j).
3
Let a(y) = -5*y**3 - y**2. Let n be 0/(3 + -1) - 17. Let u(b) = 14*b**3 + 3*b**2. Let k(l) = n*a(l) - 6*u(l). Let d(f) = -f - 1. Let m be d(0). Determine k(m).
-2
Let v(k) = -2*k**2 - k + 1. Let x = 14 + -9. Suppose -5*r + 2*w + 16 = -r, x*r - 20 = 3*w. Suppose 1 = -3*b + r. Determine v(b).
-2
Let d be (-1)/(3/(-6)) + -5. Let j be d/(-1) - 0/(-6). Let s(l) = -2*l + j*l + 0 - 2. Calculate s(3).
1
Let b(s) be the first derivative of -s**3/6 + s**2/2 + s - 3. Let a(j) be the first derivative of b(j). Suppose -3*t + 10 = -t. Calculate a(t).
-4
Let v be ((-22)/4 + 2)*2. Let w = 3 + v. Let l(c) = -c + 5. Give l(w).
9
Let p(i) = -2*i**2 - 1. Let n(c) = -c**2 - 1. Let x(s) = -6*n(s) + 7*p(s). Determine x(1).
-9
Let y(g) = 3*g + 3. Suppose -5*o - 6 = 2*j - o, -j = 3*o + 4. Let t be 1 + 0 - j - -1. Give y(t).
12
Suppose -5*c - 8 = -3*p, p - 8*c = -3*c + 6. Let k = 7 + p. Suppose 0 = -2*q - 0*q + k. Let n(z) = z**3 - 3*z**2 - 6*z + 1. Give n(q).
-7
Let d(f) be the second derivative of f**4/12 + f**3/6 - 4*f - 1. Let z(o) = o**2 - 4*o + 3. Let x be z(2). What is d(x)?
0
Let d(j) be the third derivative of j**5/60 - j**4/4 + j**3 + 2*j**2 + 26*j. Determine d(4).
-2
Let z(n) = 4*n**3 + 5*n**2 - 12*n + 6. Let h(b) = 5*b**3 + 5*b**2 - 13*b + 6. Let d(l) = -5*h(l) + 6*z(l). Give d(4).
-6
Suppose 5*s - 42 = 4*m, 4*s - m + 4*m - 15 = 0. Let x(f) = 2*f - 1. Determine x(s).
11
Let u(d) = -d**3 - 5*d**2 - 6*d - 5. Let m = 4 + 7. Let x = m - 15. Calculate u(x).
3
Suppose -v = 3*v, 0 = -4*c + 3*v + 16. Suppose -3*p = c*s - 4 - 19, -3*s - 4*p + 26 = 0. Let j(h) = h**2 - 5*h**2 - 2 - s + 4*h - h**3. Calculate j(-5).
1
Let l(r) = -r**2 - r - 6. Let g(n) = n - 1. Let t(p) = 3*g(p) - l(p). Suppose -3*z + 27 = -0*z. Suppose 7*y - 4*y + z = 0. What is t(y)?
0
Let l(r) = 17*r + 17. Let v(t) = -4*t - 4. Let h(i) = -6*l(i) - 26*v(i). Calculate h(2).
6
Let h(y) = -5*y - 5 - 4 - 6*y**3 + 2 - 6*y**2. Let v(g) = -7*g**3 - 7*g**2 - 6*g - 8. Let l(a) = 6*h(a) - 5*v(a). Let o = -53 + 53. Determine l(o).
-2
Let c be (-1)/5 - 32/(-10). Let z(q) = 3*q**3 + 10*q**2 - 8*q + 5. Let f(t) = -2*t**3 - 9*t**2 + 8*t - 5. Let y(x) = c*z(x) + 4*f(x). Determine y(5).
10
Let i(a) = -a**2 + 2*a + 3. Let k = -8 + 12. Give i(k).
-5
Let i be 1/5 - (-18)/10. Let d be ((-2 + 2)/3)/(-2). Let x(r) = 1 + 2*r - 3 + d. Determine x(i).
2
Let l(t) be the first derivative of -t**2 - 1/6*t**3 + 0*t - 1/30*t**5 - 1 - 1/12*t**4. Let f(v) be the second derivative of l(v). Determine f(-1).
-1
Let y(g) = -g**3 - 4*g**2 + 6*g + 6. Suppose 2*x + 0*x - 28 = 5*l, -2*x + l + 12 = 0. Suppose x*r = d + 2*r + 13, -3*d = -3*r + 27. Calculate y(d).
1
Let x(o) = -o - 19. Let q be x(-13). Let z(i) = 2*i + 8. Give z(q).
-4
Let h(y) be the second derivative of 7*y**4/12 + y**3/3 - y**2/2 + 5*y. Determine h(1).
8
Let p(n) be the second derivative of n - 1/60*n**5 + 1/12*n**4 + 0 + 0*n**2 + 0*n**3 + 1/360*n**6. Let a(j) be the third derivative of p(j). Calculate a(-3).
-8
Let r(m) = 4*m**2 + m + 6. Let z(g) = 3*g**2 + 2*g + 5. Let a(b) = -4*r(b) + 5*z(b). Let v be (40/4 + -1)/1. Let c = v - 4. Give a(c).
6
Let x(s) = -6*s. Let i = -1 - -2. Suppose 0 = -0*c + 4*c - 2*j - 8, 0 = -j - 4. Suppose -f = -i - c. Determine x(f).
-6
Let s(z) = -3*z. Let c(a) = -a - 1. Let q(m) = c(m) - s(m). Determine q(-4).
-9
Let g(i) be the third derivative of -i**7/2520 + i**6/180 + i**5/60 + i**4/12 + 7*i**2. Let j(a) be the second derivative of g(a). Determine j(5).
-3
Suppose 3*p = -5*a + 39, 5*p - 6 = 3*p. Let i(k) = 2*k + 1. Let z(g) = g + 1. Let o(x) = 2*i(x) - 3*z(x). What is o(a)?
5
Let d(g) = -g - 1. Let m(l) = l - 18. Let f be m(9). Let r be (f/(-6))/(1/(-2)). Let k = r - -3. Determine d(k).
-1
Let m(b) = -b**3 + 8*b**2 - 6*b - 6. Suppose u + 30 = 4*w, w - u = 14 - 5. Let z be m(w). Let o(h) = 8*h**3 + h**2 - h + 1. What is o(z)?
9
Let g be (-1 - -1)*-1 + 2. Let a(n) = n**3 + 2*n**2 - n + 6. Let j(q) = 2*q**3 + 5*q**2 - 2*q + 13. Let t(o) = -9*a(o) + 4*j(o). Determine t(g).
0
Let c(v) be the second derivative of 0 + 2/3*v**3 - 3*v - 2*v**2. What is c(3)?
8
Let u(q) = -2*q - 3 + 0*q + 0*q + 0. Calculate u(-5).
7
Let i(j) = 1. Let q(c) = -2*c - 2. Let h(t) = -t**3 - 5*t**2 - 6*t - 6. Let a be h(-4). Let l = a + -4. Let y(w) = l*i(w) + q(w). Give y(-5).
6
Let i(h) = 14 - 8 + 4*h**2 - h**3 - h + 4*h. Determine i(5).
-4
Suppose h + 4 = -2. Let z(x) = x - 2. Give z(h).
-8
Let y = -5 - 1. Let s = y + 11. Let v(d) = -d**2 + 7*d - 1. Determine v(s).
9
Let a(o) be the first derivative of 2*o - 1 + 1/3*o**3 - 3/2*o**2. Suppose -4 = -u - 1. Calculate a(u).
2
Suppose -20 = -f + 6*f. Let o be (-2)/f + (-18)/4. Let q(c) be the second derivative of c**5/20 + 5*c**4/12 + c**3/2 + c**2/2 - 4*c. Determine q(o).
5
Let y = 10 - -19. Suppose 3*p = -2*r + 27, -2*p = 3*r + 6 - y. Let m(l) = -l**2 + 8*l. Give m(p).
7
Let p(d) = d**2 - d. Let k(z) = 2*z - 6. Let v be k(5). Suppose -w - v = 3*w. Calculate p(w).
2
Let v(w) = w**2 + 2*w - 5. Let k(z) = z**2 - z - 1. Let f(q) = 2*k(q) - v(q). Calculate f(3).
0
Let o(c) = 6*c. Let u(w) = -2*w. Let x(z) = 5*o(z) + 16*u(z). Let m = 8 + -6. Give x(m).
-4
Let g(r) = r**3 + r**2 - r + 1. Let n(o) = 3*o**3 + 2*o**2 - 5*o + 2. Let u(s) = 4*g(s) - n(s). Suppose 2 = -2*v - v + 4*k, -v + 2*k = 0. Determine u(v).
0
Suppose 3*a - 4*o = -a + 8, 5*o + 25 = 0. Let q(l) = l. Let c be q(a). Let r(y) be the first derivative of y**2/2 - 4*y - 1. Determine r(c).
-7
Let y = -40 - -42. Let b(l) = l**3 - l**2 + l + 1. Give b(y).
7
Let s(r) = -r + 3. Let w be s(1). S